 = 0, -3*u + 9 = 2*z - 24. What is the remainder when 1*-1*451/m is divided by z?
5
Let f = 87 + -84. Let k(c) = 1 + 8 + 2*c**3 - 9*c**2 - 21*c - c**f + 5. Calculate the remainder when k(11) is divided by 3.
1
Suppose 2*q - 5*b - 129 = 0, -201 = -4*q - b + 68. What is the remainder when 266 is divided by q?
65
Suppose -3*l - 328 = -7*l. Let y(t) = t**2 + 16*t - 17. Let q be y(4). Let p = l - q. What is the remainder when p is divided by 5?
4
Suppose -9*b + 175 + 95 = 0. Let k(q) = 2*q**2 - 12*q - 1. Calculate the remainder when k(-9) is divided by b.
29
Suppose 0 = 5*b - 158 + 51 - 198. Calculate the remainder when 145 is divided by b.
23
Suppose 35905 = -46*z + 261*z. Calculate the remainder when z is divided by ((-3)/(-2))/(3/88).
35
Let z(l) = -l + 3. Let c(h) = -3*h**2 - 17*h + 7. Let b be c(-6). Let m = 48 + b. What is the remainder when m is divided by z(-7)?
9
Suppose 2*o = 3177 - 3103. What is the remainder when 292 is divided by o?
33
Let o(m) be the second derivative of -3*m**3/2 - m**2/2 - 2*m. Let l be o(-1). Suppose l*g - 396 = -g. What is the remainder when g is divided by 23?
21
Let g = -291 + 191. Let z = g - -181. What is the remainder when z is divided by 44?
37
Let d(q) = 10*q. Let k be d(1). Let g = -21 + k. Let j = 5 - g. What is the remainder when j is divided by 5?
1
Let v(x) be the second derivative of x**4/4 - 3*x**3/2 - 7*x**2/2 + 107*x + 1. What is the remainder when v(-5) is divided by 31?
20
Let y(p) = 7*p**3 - 43*p**2 + 99*p - 637. What is the remainder when 358 is divided by y(7)?
8
Let q be (-20)/(-12)*(-6)/(-5). Suppose 0 = -x - 1, q*t + 25 + 37 = -2*x. Calculate the remainder when t/75*(-110)/2 is divided by 4.
2
Let t = 73 + -51. Let n be (-1)/4 - (-6 - (-287)/(-28)). Suppose -n*s + 1563 = 251. What is the remainder when s is divided by t?
16
Suppose -4*m + 2*y = -160, 88 = 2*m - 0*m - 3*y. What is the remainder when 364 is divided by m?
22
Suppose a = 5*l - 80, -157*l + 4*a + 48 = -153*l. Calculate the remainder when (0 - 122)/(-2) + 2 is divided by l.
12
Suppose 3*k - 39*f - 30779 = -35*f, 2*k + 2*f = 20538. What is the remainder when k is divided by 6?
5
Let s(h) = -42*h**2 + 23*h + 12. Let g(x) = -127*x**2 + 67*x + 36. Let i(v) = -6*g(v) + 17*s(v). Calculate the remainder when i(-1) is divided by 25.
22
Suppose 617*m = 626*m - 3051. Suppose -28*p + 22*p = -204. Calculate the remainder when m is divided by p.
33
Suppose 0 = 5*d + v - 16, 5*d = -3*v - 21 + 39. Suppose -1188 = -d*a + 6. Calculate the remainder when a is divided by 67.
63
Suppose -14*g - 547 + 3473 = 0. Calculate the remainder when g is divided by 31.
23
Let z = 1352 + -862. Calculate the remainder when z is divided by 238.
14
Let n = 18828 - 16311. Calculate the remainder when n is divided by 24.
21
Let h(u) = 6*u**2 + 45*u - 210. Calculate the remainder when 407 is divided by h(4).
11
Suppose 2617 = -13*x + 15*x - 5*a, 15*a = 45. What is the remainder when x is divided by 120?
116
Let h = -1229 + 1722. Calculate the remainder when h is divided by 5.
3
Suppose -61*j + 62*j + 5*b = 304, -2*j - 4*b + 608 = 0. What is the remainder when j is divided by 68?
32
Suppose 9 - 6 = p. Suppose 5*g + 0*g = 2*q + 24, -4*g + p*q + 22 = 0. Suppose -g*h + 694 = 102. Calculate the remainder when h is divided by 15.
13
What is the remainder when 3477 is divided by 2510/12 + -5 - (-175)/210?
197
Let a = 51 + -43. Suppose 2*d + 2*d + 4*p = a, 0 = 3*p. Suppose 0 = 5*f - j - 56, -3*f + d*j = j - 34. What is the remainder when 51 is divided by f?
7
Suppose 0*p = -3*p + 42. Suppose -173*o + 97*o + 532 = 0. Calculate the remainder when p is divided by o.
0
Let w(j) be the third derivative of -j**6/120 + j**5/4 - 3*j**4/4 + 11*j**3/6 - 44*j**2. What is the remainder when w(5) is divided by 25?
21
Suppose -29 = -29*q + 28*q. Let x = 351 - 342. What is the remainder when q is divided by x?
2
Let s(k) = 10*k - 13. Suppose 0 = -7*d + 2*d + 15. Suppose -n + 3*o = 12 - 1, 0 = 2*n - d*o + 7. Calculate the remainder when 107 is divided by s(n).
26
Let w be (6/4)/((-3)/(-6)). Suppose -w*n + 5*n + 164 = 0. Calculate the remainder when -6*n/4 - -3 is divided by 43.
40
Suppose 11 - 5 = 2*c. Suppose -3*a + 24 + c = 3*l, -3*l = 4*a - 22. What is the remainder when 4/(-8) + 162/4 is divided by l?
12
Suppose -62*n + 63*n - 1005 = -2*u, 2*n - 510 = -u. Calculate the remainder when 1506 is divided by u.
6
Let g = -37 + 52. Suppose 5*f = 4*h - 658, 0 = -h + 4*f - 2*f + 163. Suppose -h = -6*q + 55. Calculate the remainder when q is divided by g.
7
Suppose -7*z = -6*z - 37. Let c = -34 + z. Suppose 2*x + 5*a = c*a + 52, -2*a - 6 = 0. Calculate the remainder when x is divided by 6.
5
Suppose -38 + 13 = 5*d - l, d + l = 1. Let i(b) = -2*b**3 - b**2 + 8*b + 6. Calculate the remainder when i(-4) is divided by (29*d/8)/((-1)/2).
28
Let n(k) = -k**2 + 8*k - 4. What is the remainder when ((-32)/12 - -3)/(21*(-16)/(-40320)) is divided by n(3)?
7
Suppose -32*r + 436 = -12. Let u be ((-2)/3)/(8/(-36)). What is the remainder when r is divided by (-12)/u*2/(-2)?
2
Let u(q) = 6*q**2 + 71*q - 8. Let c be u(-12). Suppose -3*i = i - 60. What is the remainder when (c + (-608)/12)*(-6)/5 is divided by i?
11
Suppose 30*l + 6*l - 5360 = 292. Calculate the remainder when l is divided by 12.
1
Suppose 10*m - 43 = 9*m. Let b(u) = 18*u - 10*u + 12 + u**2 - 13*u. What is the remainder when m is divided by b(5)?
7
Let v = -91 - -91. Let o(i) = -44*i**2 + v + 43*i**2 - 5 - 8*i. What is the remainder when 32 is divided by o(-2)?
4
Let v(f) = -20*f - 2. Let t(x) = 3*x**2 + 4*x + 2. Calculate the remainder when t(-4) is divided by v(-1).
16
Suppose -3*v + 3*g + 168 = 0, 3*g - 195 = -5*v + 101. Let o = 99 - 82. Suppose 0 = o*s + 51 - 391. What is the remainder when v is divided by s?
18
Let c be 353*2/(-10)*-5. Suppose 0 = -6*h + 941 - c. Calculate the remainder when h is divided by 10.
8
Let y be 3 - (2 + -108) - 3. Suppose 5*r = -5*l - 215, -5*l + r - 115 = y. Let v = -2 - l. What is the remainder when v is divided by 11?
9
Suppose 2*y + 2*y - l + 140 = 0, 64 = -2*y + 2*l. Let v(u) = -4*u**3 + 4*u**2 + 2*u - 1. Calculate the remainder when v(-2) is divided by (3 - 2)*(y/(-3) + -1).
10
Suppose 0 = -2*c + 6, 3*c = -3*v - 1 - 8. Calculate the remainder when 2/(v + 4) + 59 is divided by 33.
25
Let c be (10/(-15))/(20/(-2310)). Suppose 0 = 5*f - 5*j - 430, f + 2*j - c = 21. Calculate the remainder when f is divided by 13.
12
Let d(s) be the first derivative of -s**3/3 + 33*s**2/2 - 157*s + 11. Calculate the remainder when 35 is divided by d(6).
0
Let f be (-1232)/(-126) - 2/(-9). Suppose 5*t + 290 = f*t. Suppose 12*p - t = 2. Calculate the remainder when 14 is divided by p.
4
Let c = -4020 - -4356. What is the remainder when c is divided by 186?
150
Suppose 87*j + 9 = 90*j. Calculate the remainder when 11 is divided by ((-55)/(-25) - j)*-5.
3
Let t(d) = d**2 + 26*d - 125. Let p be t(-31). Suppose -31*q = -p*q - 304. What is the remainder when q is divided by 61?
60
Suppose -39 = 11*o - 83. Suppose -o*s = -3*a - 283 - 164, -2*a = -4*s + 446. Let z(i) = -27*i + 1. Calculate the remainder when s is divided by z(-1).
27
Let a be 41/(-5) + 8 + (-603)/(-15). Suppose -f + 6*f = a. What is the remainder when f is divided by 5?
3
Suppose 2*k = 2*l + 116, 7*k - 8*k + 3*l = -58. Calculate the remainder when k is divided by 7.
2
Let v = -21824 + 22286. Calculate the remainder when v is divided by 160.
142
Let a = -1548 - -2382. Calculate the remainder when a is divided by 207.
6
Calculate the remainder when -1*(-3)/((-15)/(-565))*(-36 + 37) is divided by 70.
43
Let p be (1 + -3)*2*2/(-4). What is the remainder when (-135)/(-3)*p/9 is divided by 4?
2
Suppose -j + 28 = -2*x - 8, 4*j = -3*x + 133. What is the remainder when (32/24)/((-1)/(-279)) is divided by j?
32
Suppose 29024 = 42320*v - 42288*v. What is the remainder when v is divided by 347?
213
Let i(j) = -5*j - 3 + 6*j**2 - 2*j + 4*j. Calculate the remainder when i(-2) is divided by 9/(-18) + (-45)/10 + 2 - -18.
12
Suppose 1340*s - 1839 = 1337*s. Calculate the remainder when s is divided by 91.
67
Let i be 22/18 - 1 - 164626/(-1386). Suppose 120*o = i*o + 61. What is the remainder when o is divided by 5?
1
Let n(v) = 120*v + 2069. Calculate the remainder when 575 is divided